 -i = -3*v - 0*b - 3*b. Calculate the remainder when ((-255)/45 + 19)/(1/3) is divided by v.
12
Let c = -410 + 482. What is the remainder when c is divided by 56?
16
Suppose 3*x + 2*x - 5*l + 10 = 0, -5*l - 2 = x. Let f = 7 + x. Suppose 22 = v - f. What is the remainder when v is divided by 10?
7
Let g = 16 + -19. Let n = 53 - 20. What is the remainder when (g + -2)*-12 + 3 is divided by n?
30
Suppose 4*v = -4*c - 80, -v + 27 - 119 = 5*c. Let r = c - -22. What is the remainder when r is divided by 1?
0
Let d = -87 - -179. What is the remainder when d is divided by 25?
17
Suppose -x + 184 = -3*r, 4*x - r = -5*r + 736. What is the remainder when x is divided by 95?
89
Suppose -5*l = 5 - 20. Suppose -2*b = 2*g + 2, 0 = 7*b - 3*b - 4*g - 4. Suppose 0 = -l*q - b*q + 216. What is the remainder when q is divided by 25?
22
Let j(x) = -2*x**3 + 19*x**2 - 10*x + 14. Let z be j(9). What is the remainder when 9 is divided by (-18)/75*-5*z?
3
Let s be (-3 + (-15)/(-6))*-58. Let u be (-6)/(-2) + s + -2. Suppose -8*b + u = -6*b. What is the remainder when 28 is divided by b?
13
Suppose 0 = -4*t - 2*k + 6*k + 48, -4*t - k = -28. Suppose -t = h - 45. Let d = 2065 - 1993. Calculate the remainder when d is divided by h.
35
Let q(m) = -m**3 + 8*m**2 - 7*m + 2. Let a be q(5). Let x = a - 23. Suppose 0 = 3*f - x - 14. What is the remainder when f is divided by 6?
5
Suppose -27*c + 26*c = -14. Calculate the remainder when 136 is divided by c.
10
Suppose -4*d - d + 225 = 4*b, -b = 0. Let i = 2198 - 2021. What is the remainder when i is divided by d?
42
Let r(s) be the first derivative of 4*s**3 + s - 13. What is the remainder when 23 is divided by r(1)?
10
Let u(o) = -67*o - 643. What is the remainder when 49 is divided by u(-10)?
22
Suppose o = -r - 1, -2*r + 4*o + 8 = -8. Calculate the remainder when 63 is divided by r.
1
Let b = -1366 - -1591. Calculate the remainder when b is divided by 53.
13
Let x(a) = -a**3 + 5*a**2 + 3*a + 11. Let b be x(5). Suppose 0 = m - 3*r - 20, 5*r = -2*m + 3*m - b. What is the remainder when 54 is divided by m?
10
Let v(o) = -o**3 - 4*o**2 + o - 5. Calculate the remainder when v(-6) is divided by 33.
28
Suppose 83*u - 93*u = -100. Calculate the remainder when 258 is divided by u.
8
Let h(g) = -20*g + 4. Let j(r) = r**2 - 9*r + 15. Let n be j(6). What is the remainder when h(n) is divided by 23?
18
Let k(a) = -25*a + 320. What is the remainder when k(12) is divided by 15?
5
Suppose -3*i + 20 = y, 3 = 3*i + 2*y - 16. Suppose -4*a + 3*m = -38, -a + 0*a - m + 13 = 0. What is the remainder when a is divided by i?
4
Suppose 143*v = 149*v - 294. What is the remainder when v is divided by 10?
9
Suppose 0 = 4*l - 8, -l = 2*k - 2 - 8. Suppose 0 = -o - 4*o + x + 323, 0 = k*o - 2*x - 256. What is the remainder when o is divided by 17?
14
Let g(j) = j**2 - 18*j + 79. What is the remainder when 43 is divided by g(6)?
1
Calculate the remainder when (31616/(-80))/4*5/(-2) is divided by 31.
30
Let d = 1884 - 1859. Calculate the remainder when 259 is divided by d.
9
Let y be -2*(349 - 3)*2/(-8). Suppose -2*m = 2*w - 118, -w = 3*m - 0*m - y. What is the remainder when m is divided by 10?
7
Let b(u) = 6*u - 3. Let w be b(2). Suppose -14*d + 15*d = w. What is the remainder when 96 is divided by d?
6
Suppose -4*b + 3*b - 2*p + 5 = 0, -b + 5*p = 2. Calculate the remainder when 7 is divided by b.
1
Let t(j) = 26*j**2 - j + 1. Suppose 0 = -44*b + 1936 + 1452. What is the remainder when b is divided by t(1)?
25
Let d be (-8)/28 - 32/(-14). Let r(b) = 2 - b**3 + 2 - 3*b + 9*b**d + b - 4*b. Calculate the remainder when r(7) is divided by 21.
18
Suppose -4*p - p + 2*l + 185 = 0, -3*l = -4*p + 155. Suppose 0 = -3*h - 5*b + p - 11, h + b = 8. What is the remainder when (-2 - -1)/(h/(-88)) is divided by 7?
4
Suppose -4*q = 16, z - 2*q = -9 + 42. Suppose c - 3*c = -4*m + 288, -4*c = -4*m + 292. What is the remainder when m is divided by z?
21
Suppose 0 = -3*m + 2*x + 429, -3*m = -5*m + 5*x + 286. Calculate the remainder when m is divided by 34.
7
Let u = -140 + 150. Suppose 0*z = z + 2*m - 43, -192 = -4*z + 2*m. Calculate the remainder when z is divided by u.
7
Let p = 58 - 35. Let v = p + -6. What is the remainder when 66 is divided by v?
15
Let d(n) = -n**3 + 5*n**2 + 36*n - 10. Calculate the remainder when d(5) is divided by 63.
44
Suppose 0*m + m - 603 = -4*o, -2*o + m + 297 = 0. Let t = o - 87. Calculate the remainder when t is divided by 22.
19
Let w = -587 + 709. Calculate the remainder when w is divided by (-4 - (-13)/2)*10.
22
Suppose 0 = 57*s - 58*s + 97. Calculate the remainder when 482 is divided by s.
94
Let d(m) = 28*m - 4. Suppose 4*y = 3*t + 1, -5*y - 4*t = 15 + 7. Let o be d(y). Calculate the remainder when -2 + (3 + -3 - o) is divided by 15.
13
Let b(o) = 25*o**2 + 14*o + 8. Let f be b(-8). What is the remainder when f/12 + (-12)/(-9) is divided by 32?
30
Let a(r) = r**2 + 8*r + 10. Suppose 84*d - 80*d + 42 = 5*o, -2*d = 2*o - 6. What is the remainder when a(-9) is divided by o?
1
Suppose -3*l - 4*w + 5*w - 1 = 0, -3*l - 3*w = 9. Suppose -v = -3*v + 56. What is the remainder when v is divided by 2*l*(-135)/18?
13
Let i(a) = 4*a**2 - 2*a + 4. Suppose s - 2 - 1 = 0. Suppose -4*d = -s*d - b - 15, 0 = 5*b + 15. What is the remainder when i(-3) is divided by d?
10
What is the remainder when 155 is divided by (-18)/9 + 9*6?
51
Suppose h - d - 228 = 0, -3*d - 225 = -h + d. What is the remainder when h is divided by 21?
19
What is the remainder when 115 is divided by 7 + 29/(-4) + 759/12?
52
Suppose -65 = 37*o - 42*o. Calculate the remainder when 17 is divided by o.
4
Suppose -3*l = 5*l - 3*l. Let n(s) = -s**3 - s**2 - s + 78. Calculate the remainder when n(l) is divided by 27.
24
Suppose -3*z = -188 - 55. What is the remainder when z is divided by 7?
4
Let a = -89 + 146. Suppose -86 = -4*m + 30. What is the remainder when a is divided by m?
28
Let p = -82 + 82. Calculate the remainder when 13 is divided by (-9)/2*(-5 + (3 - p)).
4
Let v be (-332)/5*(-6 + 16). What is the remainder when 32/(-80) - v/10 is divided by 23?
20
Suppose -2*p + 1 - 3 = 4*x, 2 = -x - 2*p. Suppose x = -h - h + 16. What is the remainder when 31 is divided by h?
7
Suppose 0 = 24*g - 23*g + 4. Let o = -27 + 45. Calculate the remainder when o is divided by ((-2)/g)/((-26)/(-208)).
2
Suppose z + 63 = d, -3*d = -z - z - 192. Calculate the remainder when d is divided by 23.
20
Suppose -s = -p + 2*p - 5, 4*p - 13 = 3*s. Calculate the remainder when (-2)/1 + 61 - (s - 0) is divided by 6.
4
Let s(y) = -y**3 - 15*y**2 - y + 2. Suppose 5*t - 4*t = -15. Calculate the remainder when s(t) is divided by 4.
1
Suppose 1860 = 14*n - 4*n. Calculate the remainder when ((-7)/14*4)/((-4)/n) is divided by 19.
17
Let t = 457 + -444. What is the remainder when 77 is divided by t?
12
Let n be (-24)/2*-3*4/(-18). Let q(k) = k + 21. What is the remainder when 34 is divided by q(n)?
8
Suppose -16*f + 1015 = -633. What is the remainder when f is divided by 9?
4
Suppose -49 = -26*g + 19*g. Suppose 0 = v + 57 - 19. Let x = 63 + v. Calculate the remainder when x is divided by g.
4
Let o = 4 - 1. Let j(d) be the second derivative of d**3/2 - 5*d**2 - 13*d. Calculate the remainder when j(8) is divided by o.
2
Suppose -2*o + 4*o - 2*v = 2, 0 = -o - 5*v + 25. Let f = -14 + 24. Suppose -25 = o*r - q - 85, -f = 2*q. What is the remainder when r is divided by 7?
4
Suppose -n + 11 = -d, 48*n - 53*n + 79 = 3*d. Let i = -255 - -364. Calculate the remainder when i is divided by n.
11
Suppose 0 = -24*m - 9*m + 528. Let w(a) = a - 8. Let z be w(0). Let j(p) = -p**3 - 8*p**2 - 6*p - 1. Calculate the remainder when j(z) is divided by m.
15
Suppose -408 = -9*x + 141. What is the remainder when 274 is divided by x?
30
Suppose 0 = -p - 3*r - r + 17, r = -2*p + 34. What is the remainder when 73 is divided by p?
5
Let a = -6 - -12. Let j = -29 - -46. Suppose 16*b + j = 17*b. What is the remainder when b is divided by a?
5
Suppose 22 = -2*i + 38. Calculate the remainder when 38 is divided by i.
6
Let l = -1228 - -1308. Calculate the remainder when 958 is divided by l.
78
Suppose 26*n - 22*n + 8 = 0. Let z be (n - 8/(-2))*3. Suppose s = 6 + z. Calculate the remainder when 20 is divided by s.
8
What is the remainder when 83 is divided